 Let s be (11/(-4))/(k/(-20)). What is the greatest common divisor of 66 and s?
11
Let u(m) = m**3 - 11*m**2 - 11*m - 2. Let v be u(12). What is the highest common divisor of 100 and v?
10
Suppose f - 3*q + q = 20, 0 = f + q - 17. Let k = -7 + 10. Calculate the greatest common factor of k and f.
3
Suppose 0 = 2*b + 3*c - 383, 3*b - c - 258 = 289. Let h be (23/(-2))/(3/(-6)). Calculate the highest common factor of h and b.
23
Let q = 22 + -18. What is the greatest common divisor of q and 8?
4
Let u be 36*7*(-2)/(-4). Let x be 4/22 + (-42)/(-11). Suppose 5*c = -4*l + 90, 0*l - l = -x*c + 51. Calculate the greatest common divisor of c and u.
14
Let o(i) = i + 8. Let c be o(-5). Let w be ((-16)/6 - -3)*c. What is the highest common factor of 1 and w?
1
Suppose 0 = 5*i + 3*m - 312, -3*m = -2*m - 4. Calculate the greatest common factor of 10 and i.
10
Let r(m) = -2*m - 9. Let a be r(-13). Calculate the greatest common divisor of a and 17.
17
Let r(s) = s**3 + 5*s**2 + 3*s. Let i be r(-4). Calculate the highest common factor of 8 and i.
4
Suppose 35 + 85 = 3*d + 5*n, -n = -d + 40. What is the greatest common divisor of d and 16?
8
Let o be 3/1 + (9 - -32). What is the highest common divisor of o and 11?
11
Let a(x) = -x**2 - 11*x - 4. Suppose -10 = s - 0*s. Let n be a(s). Let u be (-1 - 9/(-6))*n. What is the greatest common divisor of u and 6?
3
Let n be 8/(-60) + (-1812)/(-90). What is the greatest common divisor of 30 and n?
10
Suppose -4*u + 8 = -176. Let i = u - -82. Let a(z) = z**3 + 11*z**2 - 12*z + 16. Let l be a(-12). Calculate the greatest common factor of l and i.
16
Suppose 4*z + 5*a - 4*a - 59 = 0, -4*a - 68 = -3*z. What is the greatest common divisor of 24 and z?
8
Suppose -1074 + 66 = -8*g. Calculate the highest common factor of g and 14.
14
Suppose 3*n = 2*q - 9, 20 = -5*n + 5. Let x = -2 - q. Let h = x + 17. Calculate the highest common divisor of h and 3.
3
Let q = 17 + 13. Let d(v) = 5*v - 20. Let t be d(8). What is the greatest common divisor of t and q?
10
Suppose -585 = -4*b - 4*z + 995, b + 4*z = 386. Let i = -272 + b. Calculate the highest common divisor of i and 18.
18
Suppose -5*o + 18 = -3*o. Let u be 4/(-18) - (-1630)/45. What is the greatest common factor of o and u?
9
Let k(g) = 4*g**2 + 2*g + 1. Let s be k(-2). Let q be (0 - 0) + (0 - -91). What is the highest common divisor of q and s?
13
Let r be 506/8 - (1 + 15/(-20)). Calculate the greatest common divisor of 9 and r.
9
Let a = -1 - -4. Suppose -2*k = -x - 0*x + 6, -k = 2*x + a. Suppose t - 88 = -x*t. What is the highest common factor of 11 and t?
11
Let a = 162 + -74. Calculate the highest common divisor of 44 and a.
44
Let i be (-2)/3*15/(-2). Suppose 3*y + 0*y - 226 = 2*z, 350 = i*y + 2*z. What is the greatest common factor of 8 and y?
8
Let t(a) = 4*a**2 + a - 1. Let g be t(1). Suppose -2*l + g*y = -62, 3*l - 104 = -5*y - 0. What is the highest common factor of l and 3?
3
Let k be ((-3)/2)/((-7)/140). What is the greatest common factor of k and 15?
15
Suppose -3*m + 7 = 2*c + 2*c, -2*m + 18 = -4*c. Let b = 37 + 8. Calculate the highest common divisor of b and m.
5
Let k = 266 + -118. What is the highest common divisor of k and 37?
37
Let h = -47 - -96. Calculate the greatest common divisor of 98 and h.
49
Let l = -94 + 157. Calculate the highest common divisor of l and 7.
7
Let z(l) = -l**3 - 2*l**2 - 2*l - 4. Let n be z(-3). Let d = 69 + 19. Calculate the greatest common divisor of d and n.
11
Let o = 24 + -14. Suppose 3*l + 160 = 5*l. What is the greatest common divisor of l and o?
10
Suppose 5*l = 3*o + 5, 0 = 5*o + l - 5 - 24. Suppose o*v - 41 = -11. Let w be 3 + 3 + -3 + 15. What is the highest common factor of v and w?
6
Suppose 2*i - 2*h - 4 = 0, 2*i - 5*i + 6 = -4*h. Suppose i*c = -0*c + 42. Calculate the greatest common divisor of 231 and c.
21
Let t(f) = -f. Let y be t(0). Suppose y*c = c - 3. Suppose 5*x - c*n - 47 = 3*x, 0 = -4*x - 4*n + 64. Calculate the highest common factor of 209 and x.
19
Let r be 51/(-2)*24/(-18). What is the greatest common divisor of 170 and r?
34
Suppose -4*m = -4*o + 8, 2*o + 2*m + 0 = -4. Suppose o = -f + 11 + 13. Let p be (2/(-1))/((-2)/4). Calculate the highest common factor of p and f.
4
Let b(i) = -i**3 + 19*i**2 + 5*i - 33. Let y be b(19). What is the greatest common divisor of 31 and y?
31
Suppose 116 - 46 = 2*t. Let y = -58 - -37. Let q be (49/y)/((-2)/6). Calculate the highest common divisor of t and q.
7
Let r be (26/(-3))/(4/(-6)). Calculate the highest common divisor of r and 13.
13
Suppose 3*g + 17 = 4*g. Suppose 5*x - x + 592 = 4*i, -5*i = -4*x - 745. Calculate the highest common factor of g and i.
17
Suppose 4*s - 1271 = 5*r - 251, 0 = 5*s + 2*r - 1308. What is the highest common divisor of 26 and s?
26
Let r = 90 - 77. Calculate the highest common factor of r and 104.
13
Let n be 20/(20/(-4)) - -38. What is the highest common factor of n and 51?
17
Let j(s) = s**3 - s**2 + s + 2. Let t be j(2). Let b(p) = -2*p - 1. Let m be b(-4). Let w = m + 9. Calculate the highest common factor of w and t.
8
Let k be 2 - 4 - (4 + 58). Let c = -26 - k. Calculate the greatest common factor of c and 342.
38
Let v = 6 - -54. Suppose 0*a + 5*z + 35 = 4*a, -3*a = 5*z - 70. What is the highest common divisor of v and a?
15
Let n = 3 - 3. Suppose n*v = -5*v. Let u = v - -2. What is the greatest common divisor of 18 and u?
2
Suppose -d - 72 = -4*d - 3*b, -72 = -3*d + b. Calculate the greatest common divisor of d and 120.
24
Suppose -8*q = -4*q - 68. Let j = q - -4. Calculate the highest common factor of j and 3.
3
Suppose j + 0 - 33 = 0. Suppose -6*m + 4*m + 44 = 0. What is the highest common factor of j and m?
11
Let p be ((-12)/(-10))/((-2)/10). Let d(j) = j**2 + 4*j + 3. Let f be d(p). What is the highest common divisor of 60 and f?
15
Suppose 0*l = -5*l + 65. Suppose -37 - l = -5*f. What is the greatest common divisor of f and 50?
10
Suppose -3*b + 5 + 1 = 0. Let p = b + 7. What is the greatest common divisor of p and 90?
9
Let z(n) = n**3 + 5*n**2 + 4*n + 2. Let c be z(-3). What is the greatest common divisor of 2 and c?
2
Let j(u) = 2*u**2 - 6*u + 1. Let l be j(5). Let h = -17 + l. Let o = -16 + 28. Calculate the greatest common factor of h and o.
4
Let s = -1 + 3. Let m = 32 - 30. Suppose 2 + m = s*n. Calculate the highest common divisor of n and 22.
2
Let l be 3*1 + -7 + 12. What is the greatest common factor of l and 24?
8
Suppose 17*n + 464 = 21*n. Let v = n - 46. Calculate the greatest common divisor of v and 14.
14
Suppose -2 = -y + 3. Let k(i) = -y*i + 3*i**2 - 4*i**2 + 10 + 4*i. Let u be k(0). Calculate the greatest common divisor of u and 20.
10
Let c be 10 - ((-2 - -1) + 3). Calculate the highest common factor of c and 24.
8
Let l(z) = 2*z**2 - 3*z - 5. Let f be l(-6). What is the greatest common divisor of f and 17?
17
Let z = 5 - 3. Let s be (z - 0) + (2 - 0). Suppose -2*f + 60 = 4*w, -3*w + 1 = -3*f + 46. Calculate the highest common divisor of s and f.
4
Let q(c) = -2 + 2 - 24*c + 1. Let j be q(-2). What is the highest common divisor of 7 and j?
7
Suppose 0 = 4*v - 597 + 85. Let z = v + 16. Suppose 2*u - 5 = 31. Calculate the greatest common factor of u and z.
18
Suppose 3*m + 3*y + 38 = 7*y, -5*m - 3*y - 15 = 0. Let q be (80/m)/(1/(-3)). Calculate the highest common divisor of 100 and q.
20
Suppose 5*p + 22 = -l, 3*l - 5*p - 20 = 14. Suppose -5*v + 4*c - 7 = 0, -v = -0*v + l*c - 10. Let a = 1 + v. What is the highest common divisor of a and 6?
2
Let g be (-2)/4*(-146 + 2). What is the greatest common factor of g and 18?
18
Let k be -4 + 7 + -7 + 9. What is the highest common divisor of k and 45?
5
Suppose -3*i + 16 + 68 = 0. Suppose -4*k + 8*k = i. What is the greatest common divisor of k and 1?
1
Let x be (-6)/(-15)*(-10)/(-2). Suppose -134 = -x*c - 34. Calculate the greatest common divisor of 20 and c.
10
Let t(k) = 10*k - 6. Let s be t(7). Calculate the highest common factor of 8 and s.
8
Let q(w) = 2*w**3 - 7*w**2 + 10. Let n be q(5). Suppose 65 = 5*z - 105. What is the highest common divisor of n and z?
17
Let f(m) = -m**2 - 8*m - 2. Let o be f(-6). What is the highest common divisor of o and 10?
10
Let z = 27 + 5. Suppose 5*h + 5 = 4*g, 4*h + 4 = 4*g + g. Suppose g = -d + 7 + 1. What is the greatest 